s 61 divide 244?
True
Is 21 a factor of 42?
True
Does 11 divide 5203?
True
Does 92 divide 14784?
False
Is 31806 a multiple of 54?
True
Does 117 divide 9828?
True
Is 14 a factor of 364?
True
Does 86 divide 4816?
True
Does 33 divide 8551?
False
Is 40 a factor of 4997?
False
Does 40 divide 127?
False
Is 22 a factor of 78777?
False
Is 22 a factor of 596?
False
Is 1045 a multiple of 19?
True
Does 24 divide 576?
True
Is 32 a factor of 224?
True
Does 7 divide 3683?
False
Is 12 a factor of 5448?
True
Is 9 a factor of 648?
True
Is 46 a factor of 3864?
True
Is 3660 a multiple of 12?
True
Is 249 a factor of 33615?
True
Is 7249 a multiple of 11?
True
Is 245 a multiple of 5?
True
Is 529 a multiple of 36?
False
Is 15024 a multiple of 86?
False
Is 33 a factor of 30690?
True
Is 7247 a multiple of 9?
False
Is 1030 a multiple of 103?
True
Is 5 a factor of 890?
True
Is 16 a factor of 672?
True
Does 147 divide 717?
False
Does 34 divide 3128?
True
Is 2 a factor of 4?
True
Does 47 divide 1034?
True
Is 82 a factor of 4592?
True
Is 15 a factor of 4470?
True
Is 75 a multiple of 5?
True
Does 24 divide 73992?
True
Is 19 a factor of 8348?
False
Does 18 divide 4045?
False
Is 114 a factor of 24168?
True
Does 33 divide 2514?
False
Is 3367 a multiple of 37?
True
Is 1559 a multiple of 40?
False
Is 2521 a multiple of 48?
False
Is 3 a factor of 11419?
False
Does 12 divide 36925?
False
Is 10 a factor of 25380?
True
Does 33 divide 33033?
True
Is 23553 a multiple of 10?
False
Is 2679 a multiple of 19?
True
Does 18 divide 1368?
True
Is 1566 a multiple of 54?
True
Does 38 divide 61712?
True
Is 99335 a multiple of 9?
False
Is 4 a factor of 3024?
True
Is 22200 a multiple of 4?
True
Is 131 a factor of 32032?
False
Is 3 a factor of 2604?
True
Is 828 a multiple of 57?
False
Does 117 divide 5031?
True
Is 48 a factor of 30997?
False
Does 3 divide 1991?
False
Does 3 divide 283?
False
Does 95 divide 7382?
False
Is 23 a factor of 7801?
False
Is 36 a factor of 351?
False
Does 15 divide 8010?
True
Does 15 divide 81?
False
Is 31 a factor of 32891?
True
Is 3 a factor of 565?
False
Is 112 a factor of 898?
False
Is 24476 a multiple of 57?
False
Is 49 a factor of 4765?
False
Is 38 a factor of 2812?
True
Does 150 divide 98700?
True
Is 63 a factor of 10511?
False
Is 9 a factor of 609?
False
Is 4058 a multiple of 15?
False
Is 104 a factor of 3016?
True
Does 41 divide 21816?
False
Is 83 a factor of 2486?
False
Does 28 divide 2747?
False
Is 5146 a multiple of 136?
False
Does 27 divide 16713?
True
Is 43 a factor of 11211?
False
Is 15 a factor of 44407?
False
Does 11 divide 15257?
True
Does 25 divide 2475?
True
Is 34 a factor of 7208?
True
Is 5 a factor of 7920?
True
Does 42 divide 1276?
False
Is 1264 a multiple of 49?
False
Is 56 a factor of 728?
True
Is 26 a factor of 1326?
True
Is 859 a multiple of 12?
False
Is 1184 a multiple of 32?
True
Is 34 a factor of 11476?
False
Is 2 a factor of 1331?
False
Is 1890 a multiple of 35?
True
Is 17 a multiple of 7?
False
Is 4993 a multiple of 9?
False
Is 16038 a multiple of 54?
True
Is 8 a factor of 3448?
True
Is 1024 a multiple of 16?
True
Is 9 a factor of 8856?
True
Does 59 divide 1180?
True
Is 7 a factor of 1409?
False
Is 168 even?
True
Is 9 a factor of 8678?
False
Is 27566 a multiple of 56?
False
Does 51 divide 9015?
False
Is 19 a factor of 13642?
True
Is 86 a factor of 2299?
False
Is 78486 a multiple of 206?
True
Is 3465 a multiple of 35?
True
Is 37630 a multiple of 265?
True
Does 9 divide 927?
True
Does 115 divide 28114?
False
Is 584 even?
True
Is 7 a factor of 98?
True
Is 11604 a multiple of 45?
False
Does 9 divide 3816?
True
Does 30 divide 3390?
True
Does 11 divide 1804?
True
Is 26 a factor of 4268?
False
Is 4 a factor of 4083?
False
Does 24 divide 8832?
True
Does 12 divide 5963?
False
Does 135 divide 18075?
False
Does 114 divide 5700?
True
Is 14 a factor of 308?
True
Is 11 a factor of 12350?
False
Is 29 a factor of 70876?
True
Is 21 a factor of 28?
False
Is 56 a factor of 1456?
True
Is 47 a factor of 246?
False
Is 24 a factor of 4742?
False
Does 7 divide 2003?
False
Does 128 divide 4496?
False
Is 68 a factor of 7344?
True
Is 6468 a multiple of 12?
True
Does 24 divide 2458?
False
Is 2088 a multiple of 9?
True
Does 5 divide 8898?
False
Is 5335 a multiple of 14?
False
Is 11382 a multiple of 42?
True
Is 64 a factor of 20230?
False
Is 39 a factor of 11154?
True
Is 108 a multiple of 54?
True
Is 15484 a multiple of 28?
True
Is 26 a factor of 1846?
True
Is 707 a multiple of 19?
False
Is 1416 a multiple of 8?
True
Is 38 a factor of 380?
True
Does 123 divide 9291?
False
Does 10 divide 530?
True
Is 101 a factor of 5555?
True
Is 152 a factor of 18054?
False
Is 27 a factor of 3871?
False
Does 8 divide 8331?
False
Does 21 divide 42?
True
Is 930 a multiple of 44?
False
Is 124 a factor of 7440?
True
Is 38 a factor of 8192?
False
Is 457 a multiple of 19?
False
Is 8353 even?
False
Is 4 a factor of 91?
False
Is 24165 a multiple of 15?
True
Is 18 a factor of 119952?
True
Is 3174 a multiple of 23?
True
Is 18 a factor of 1980?
True
Is 33 a factor of 667?
False
Is 122757 a multiple of 17?
True
Is 212 a multiple of 3?
False
Does 42 divide 58086?
True
Does 2 divide 1712?
True
Does 51 divide 2091?
True
Is 2852 a multiple of 92?
True
Is 3080 a multiple of 40?
True
Does 123 divide 34542?
False
Is 1848 a multiple of 66?
True
Does 6 divide 9785?
False
Is 213 a factor of 1917?
True
Is 9 a factor of 1449?
True
Is 29 a factor of 29812?
True
Is 3684 a multiple of 6?
True
Is 22 a factor of 2047?
False
Is 187 a factor of 14110?
False
Is 10 a factor of 460?
True
Is 11 a factor of 11442?
False
Does 35 divide 282?
False
Does 9 divide 2358?
True
Is 31 a factor of 1166?
False
Is 92290 a multiple of 54?
False
Is 12 a multiple of 6?
True
Is 39792 a multiple of 25?
False
Does 7 divide 1750?
True
Does 4 divide 184?
True
Is 3837 a multiple of 15?
False
Is 59 a factor of 11002?
False
Is 8 a factor of 232?
True
Is 9 a factor of 1287?
True
Is 6068 a multiple of 16?
False
Is 9 a factor of 6255?
True
Is 750 a multiple of 10?
True
Does 10 divide 96?
False
Is 110 a multiple of 10?
True
Does 30 divide 5529?
False
Does 49 divide 18277?
True
Is 287 a multiple of 3?
False
Is 11 a factor of 35?
False
Is 14 a factor of 988?
False
Does 19 divide 388?
False
Does 34 divide 3963?
False
Is 26 a factor of 5148?
True
Is 15 a factor of 9585?
True
Does 12 divide 108?
True
Does 26 divide 988?
True
Does 41 divide 185?
False
Does 82 divide 1558?
True
Is 188708 a multiple of 96?
False
Does 19 divide 61567?
False
Is 457 a multiple of 50?
False
Does 116 divide 6496?
True
Is 13 a factor of 403?
True
Does 29 divide 1305?
True
Is 4206 a multiple of 49?
False
Does 15 divide 1400?
False
Is 36385 a multiple of 230?
False
Does 4 divide 1914?
False
Is 19 a factor of 558?
False
Is 45 a factor of 77083?
False
Does 40 divide 90080?
True
Is 193 a multiple of 17?
False
Is 7 a factor of 1825?
False
Does 24 divide 3504?
True
Is 99 a multiple of 4?
False
Does 105 divide 47880?
True
Does 14 divide 31008?
False
Is 14 a factor of 2198?
True
Is 2975 a multiple of 78?
False
Is 7 a factor of 1468?
False
Does 15 divide 111?
False
Is 13 a factor of 559?
True
Is 41 a multiple of 9?
False
Does 15 divide 12060?
True
Is 1176 a multiple of 7?
True
Is 89 a factor of 1157?
True
Is 2012 a multiple of 54?
False
Is 14 a factor of 8730?
False
Is 24 a factor of 696?
True
Is 6 a factor of 1181?
False
Does 11 divide 4061?
False
Is 10 a factor of 23314?
False
Does 272 divide 115242?
False
Is 83 a factor of 2573?
True
Is 1225 a multiple of 61?
False
Does 4 divide 709?
False
Is 8712 a multiple of 104?
False
Is 7877 a multiple of 113?
False
Is 89 a factor of 27323?
True
Is 15773 a multiple of 20?
False
Is 77 a factor of 742?
False
Is 9 a factor of 1152?
True
Is 36 a factor of 468?
True
Is 814 a multiple of 22?
True
Is 13 a factor of 2613?
True
Is 5390 a multiple of 24?
False
Is 318 a multiple of 21?
False
Does 35 divide 17011?
False
Does 51 divide 385?
False
Is 294 a factor of 4410?
True
Is 331 a factor of 102593?
False
Is 56 a factor of 3039?
False
Is 467 a multiple of 25?
False
Does 5 divide 210?
True
Does 21 divide 34606?
False
Is 77 a factor of 665?
False
Is 83 a factor of 616?
False
Is 18 a factor of 656?
False
Is 16 a factor of 280?
False
Is 5157 a multiple of 7